e 2?
1
6 (base 8) to base 9
6
What is e8 (base 15) in base 6?
1002
What is 10 (base 5) in base 3?
12
What is 4 (base 16) in base 3?
11
1 (base 12) to base 10
1
Convert -e (base 15) to base 9.
-15
What is -3 (base 14) in base 10?
-3
-2 (base 6) to base 15
-2
Convert -42 (base 12) to base 3.
-1212
1001110 (base 2) to base 14
58
Convert 0 (base 5) to base 6.
0
-a (base 12) to base 10
-10
What is -13 (base 11) in base 4?
-32
Convert -20 (base 9) to base 3.
-200
1 (base 3) to base 11
1
Convert -14 (base 8) to base 4.
-30
Convert -100122 (base 3) to base 8.
-404
What is 2 (base 5) in base 10?
2
What is -12 (base 16) in base 11?
-17
What is 0 (base 7) in base 10?
0
-1 (base 4) to base 7
-1
-111 (base 7) to base 13
-45
402 (base 6) to base 7
266
-1010 (base 2) to base 4
-22
Convert -1322 (base 5) to base 14.
-112
Convert 1 (base 11) to base 7.
1
-6 (base 16) to base 15
-6
What is -1000100 (base 2) in base 6?
-152
Convert -135 (base 9) to base 16.
-71
Convert -71 (base 9) to base 3.
-2101
What is -10 (base 7) in base 15?
-7
What is 133 (base 7) in base 3?
2201
What is -34 (base 9) in base 15?
-21
What is -84 (base 9) in base 8?
-114
What is -7 (base 14) in base 10?
-7
What is -2 (base 9) in base 11?
-2
Convert -1 (base 3) to base 16.
-1
What is 3 (base 7) in base 12?
3
Convert 4 (base 13) to base 9.
4
What is -73 (base 14) in base 2?
-1100101
What is 7 (base 15) in base 9?
7
Convert 1 (base 12) to base 11.
1
What is -2112 (base 4) in base 5?
-1100
Convert 54 (base 7) to base 13.
30
Convert 22 (base 6) to base 10.
14
Convert -25 (base 8) to base 11.
-1a
What is -140 (base 10) in base 7?
-260
Convert -1 (base 4) to base 2.
-1
What is -7 (base 14) in base 5?
-12
Convert -11 (base 4) to base 11.
-5
-1 (base 2) to base 12
-1
What is -129 (base 13) in base 8?
-314
Convert 212 (base 5) to base 14.
41
-9 (base 15) to base 14
-9
66 (base 8) to base 12
46
Convert -13 (base 9) to base 13.
-c
What is -2 (base 3) in base 8?
-2
Convert 2 (base 16) to base 12.
2
113 (base 4) to base 7
32
Convert -112 (base 4) to base 14.
-18
-421 (base 6) to base 2
-10011101
Convert 6 (base 14) to base 2.
110
Convert 9 (base 14) to base 3.
100
Convert -ab (base 13) to base 2.
-10001101
Convert -141 (base 10) to base 3.
-12020
Convert -226 (base 8) to base 14.
-aa
What is -3 (base 8) in base 4?
-3
10 (base 6) to base 4
12
Convert 1 (base 11) to base 6.
1
11010000 (base 2) to base 9
251
Convert 21 (base 12) to base 4.
121
What is -3 (base 6) in base 5?
-3
What is -70 (base 12) in base 15?
-59
What is -13 (base 12) in base 2?
-1111
52 (base 6) to base 12
28
-2 (base 15) to base 12
-2
-11 (base 14) to base 4
-33
Convert -210 (base 4) to base 12.
-30
101 (base 3) to base 4
22
What is b0 (base 13) in base 6?
355
1 (base 15) to base 6
1
Convert -3 (base 9) to base 11.
-3
What is 53 (base 16) in base 8?
123
64 (base 13) to base 9
101
What is -15 (base 7) in base 13?
-c
What is c (base 16) in base 9?
13
Convert -131 (base 6) to base 13.
-43
1303 (base 4) to base 5
430
-14 (base 13) to base 10
-17
What is 13 (base 9) in base 12?
10
What is -43 (base 9) in base 11?
-36
14 (base 5) to base 12
9
Convert 231 (base 7) to base 10.
120
Convert 39 (base 14) to base 8.
63
What is -2 (base 14) in base 3?
-2
Convert -41 (base 9) to base 14.
-29
2210 (base 4) to base 5
1124
Convert -3 (base 4) to base 5.
-3
Convert -46 (base 11) to base 16.
-32
What is 34 (base 6) in base 9?
24
What is 15 (base 10) in base 15?
10
1 (base 13) to base 8
1
Convert 85 (base 10) to base 16.
55
Convert 15 (base 12) to base 9.
18
Convert -1a0 (base 14) to base 13.
-1cb
35 (base 10) to base 2
100011
What is -20 (base 9) in base 3?
-200
What is -2 (base 16) in base 6?
-2
What is -111121 (base 3) in base 7?
-1033
Convert -5 (base 6) to base 2.
-101
-14 (base 9) to base 10
-13
Convert 63 (base 12) to base 14.
55
6 (base 16) to base 9
6
-225 (base 9) to base 4
-2321
22 (base 4) to base 11
a
-11 (base 2) to base 5
-3
What is -2 (base 14) in base 5?
-2
-3 (base 11) to base 3
-10
What is 67 (base 16) in base 12?
87
-7 (base 11) to base 10
-7
116 (base 8) to base 6
210
What is 5 (base 10) in base 7?
5
-4 (base 9) to base 15
-4
-1 (base 6) to base 11
-1
Convert 2 (base 14) to base 15.
2
What is 94 (base 12) in base 14?
80
Convert 11 (base 10) to base 7.
14
What is 20 (base 8) in base 10?
16
-4a (base 15) to base 9
-77
What is 412 (base 6) in base 11?
129
Convert -55 (base 7) to base 2.
-101000
What is -4 (base 8) in base 7?
-4
-200 (base 3) to base 7
-24
125 (base 7) to base 12
58
23 (base 4) to base 10
11
Convert 117 (base 14) to base 8.
331
What is 100010 (base 2) in base 16?
22
Convert 30 (base 16) to base 9.
53
2 (base 11) to base 8
2
What is 6 (base 8) in base 7?
6
Convert 2d (base 14) to base 11.
38
Convert -140 (base 9) to base 7.
-225
What is -3 (base 14) in base 3?
-10
0 (base 2) to base 10
0
-232 (base 11) to base 10
-277
Convert -96 (base 14) to base 3.
-11220
What is -4 (base 15) in base 12?
-4
Convert 3 (base 6) to base 12.
3
Convert 1003 (base 5) to base 13.
9b
-8 (base 15) to base 12
-8
Convert 7 (base 13) to base 6.
11
Convert -210 (base 4) to base 14.
-28
-6 (base 10) to base 7
-6
What is -1 (base 6) in base 5?
-1
What is 16 (base 14) in base 12?
18
-1a (base 13) to base 10
-23
23 (base 12) to base 9
30
What is 0 (base 15) in base 6?
0
Convert 0 (base 4) to base 7.
0
-4a (base 11) to base 2
-110110
1001111 (base 2) to base 13
61
What is 12 (base 5) in base 2?
111
-101100 (base 2) to base 7
-62
Convert -69 (base 10) to base 7.
-126
-2 (base 8) to base 6
-2
-2 (base 12) to base 2
-10
0 (base 6) to base 7
0
What is 10 (base 3) in base 13?
3
Convert 6 (base 12) to base 15.
6
Convert 12 (base 16) to base 15.
13
-1 (base 13) to base 3
-1
Convert 12 (base 13) to base 3.
120
Convert -53 (base 8) to base 6.
-111
What is -4 (base 14) in base 8?
-4
What is 120 (base 3) in base 16?
f
2102 (base 3) to base 16
41
21 (base 5) to base 2
1011
Convert 1010 (base 2) to base 3.
101
What is -356 (base 8) in base 7?
-460
Convert 10 (base 3) to base 11.
3
What is 31 (base 12) in base 13?
2b
Convert b (base 12) to base 10.
11
5 (base 8) to base 11
5
What is 2002 (base 3) in base 12?
48
-52 (base 9) to base 12
-3b
-46 (base 7) to base 10
-34
110 (base 6) to base 2
101010
Convert -3 (base 12) to base 14.
-3
Convert 9c (base 16) to base 5.
1111
Convert -3 (base 16) to base 4.
-3
0 (base 4) to base 11
0
What is 122 (base 12) in base 10?
170
0 (base 9) to base 2
0
What is -204 (base 5) in base 3?
-2000
6 (base 8) to base 10
6
What is 34 (base 9) in base 8?
37
1002 (base 3) to base 4
131
56 (base 16) to base 10
86
Convert 2 (base 10) to base 8.
2
4 (base 10) to base 15
4
Convert -145 (base 7) to base 8.
-122
-1100010 (base 2) to base 6
-242
What is 4 (base 7) in base 3?
11
What is -6 (base 13) in base 2?
-110
-16a (base 14) to base 8
-442
What is -2 (base 9) in base 10?
-2
What is -10b (base 15) in base 14?
-12c
-242 (base 6) to base 11
-8a
Convert -1 (base 5) to base 11.
-1
What is -8 (base 11) in base 3?
-22
Convert -3 (base 6) to base 7.
-3
What is -3 (base 13) in base 2?
-11
-1 (base 8) to base 11
-1
What is -347 (base 9) in base 12?
-1ba
-200 (base 4) to base 10
-32
-5 (base 11) to base 4
-11
12 (base 10) to base 14
c
Convert -3 (base 14) to base 5.
-3
-8 (base 15) to base 2
-1000
What is 2b (base 12) in base 8?
43
What is 22 (base 7) in base 4?
100
-6 (base 16) to base 13
-6
2 (base 5) to base 6
2
What is -a (base 12) in base 16?
-a
What is 1 (base 5) in base 8?
1
Convert -3 (base 6) to base 10.
-3
2 (base 11) to base 12
2
What is 5 (base 9) in base 16?
5
Convert 300 (base 4) to base 16.
30
Convert 2120 (base 4) to base 2.
10011000
Convert 9 (base 16) to base 7.
12
Convert -7 (base 13) to base 4.
-13
-4 (base 5) to base 8
-4
What is 16 (base 14) in base 13?
17
-d (base 14) to base 7
-16
Convert -32 (base 6) to base 12.
-18
-5 (base 12) to base 16
-5
-7a (base 14) to base 7
-213
What is a (base 11) in base 14?
a
20 (base 4) to base 6
12
Convert -5 (base 6) to base 14.
-5
Convert 140 (base 5) to base 13.
36
-165 (base 8) to base 2
-1110101
What is 3 (base 8) in base 7?
3
Convert -2 (base 12) to base 9.
-2
-104 (base 9) to base 12
-71
140 (base 5) to base 9
50
ae (base 16) to base 5
1144
Convert -212 (base 7) to base 10.
-107
Convert 27 (base 